630?
2, 3, 5, 521
What are the prime factors of 183277?
17, 10781
List the prime factors of 1017.
3, 113
What are the prime factors of 13544?
2, 1693
What are the prime factors of 161?
7, 23
List the prime factors of 27075.
3, 5, 19
List the prime factors of 37676.
2, 9419
What are the prime factors of 840?
2, 3, 5, 7
What are the prime factors of 3001?
3001
List the prime factors of 79506.
2, 3, 7, 631
What are the prime factors of 53279?
53279
List the prime factors of 6698.
2, 17, 197
List the prime factors of 128639.
7, 17, 23, 47
What are the prime factors of 980?
2, 5, 7
List the prime factors of 1418.
2, 709
List the prime factors of 1784.
2, 223
List the prime factors of 4820.
2, 5, 241
List the prime factors of 4043.
13, 311
List the prime factors of 121684.
2, 29, 1049
List the prime factors of 36452.
2, 13, 701
List the prime factors of 5199.
3, 1733
What are the prime factors of 2450?
2, 5, 7
List the prime factors of 24428.
2, 31, 197
List the prime factors of 526.
2, 263
What are the prime factors of 978?
2, 3, 163
List the prime factors of 1904.
2, 7, 17
List the prime factors of 2084.
2, 521
List the prime factors of 3204.
2, 3, 89
What are the prime factors of 24510?
2, 3, 5, 19, 43
What are the prime factors of 9017?
71, 127
What are the prime factors of 4974?
2, 3, 829
What are the prime factors of 35411?
17, 2083
What are the prime factors of 2050?
2, 5, 41
What are the prime factors of 8006?
2, 4003
What are the prime factors of 58?
2, 29
List the prime factors of 1981.
7, 283
What are the prime factors of 29910?
2, 3, 5, 997
List the prime factors of 13260.
2, 3, 5, 13, 17
List the prime factors of 1535.
5, 307
List the prime factors of 385.
5, 7, 11
List the prime factors of 1511.
1511
What are the prime factors of 3883?
11, 353
What are the prime factors of 2961?
3, 7, 47
What are the prime factors of 35812?
2, 7, 1279
What are the prime factors of 65866?
2, 32933
List the prime factors of 12258.
2, 3, 227
What are the prime factors of 19379?
19379
What are the prime factors of 20491?
31, 661
What are the prime factors of 11541?
3, 3847
What are the prime factors of 27822?
2, 3, 4637
List the prime factors of 12593.
7, 257
What are the prime factors of 28676?
2, 67, 107
What are the prime factors of 94426?
2, 31, 1523
List the prime factors of 58083.
3, 19, 1019
What are the prime factors of 34956?
2, 3, 971
What are the prime factors of 14949?
3, 11, 151
List the prime factors of 3675.
3, 5, 7
List the prime factors of 74632.
2, 19, 491
List the prime factors of 1442.
2, 7, 103
List the prime factors of 608.
2, 19
List the prime factors of 3079.
3079
What are the prime factors of 54075?
3, 5, 7, 103
What are the prime factors of 25193?
7, 59, 61
What are the prime factors of 36052?
2, 9013
List the prime factors of 31299.
3, 10433
What are the prime factors of 70582?
2, 35291
List the prime factors of 14106.
2, 3, 2351
List the prime factors of 105241.
19, 29, 191
List the prime factors of 227.
227
List the prime factors of 46.
2, 23
What are the prime factors of 8612?
2, 2153
What are the prime factors of 5000?
2, 5
List the prime factors of 1031.
1031
What are the prime factors of 107428?
2, 107, 251
List the prime factors of 1124.
2, 281
What are the prime factors of 14635?
5, 2927
List the prime factors of 39154.
2, 19577
What are the prime factors of 125982?
2, 3, 2333
What are the prime factors of 60710?
2, 5, 13, 467
List the prime factors of 8793.
3, 977
List the prime factors of 17970.
2, 3, 5, 599
What are the prime factors of 83607?
3, 29, 31
What are the prime factors of 4810?
2, 5, 13, 37
What are the prime factors of 124?
2, 31
What are the prime factors of 1680?
2, 3, 5, 7
List the prime factors of 2066.
2, 1033
List the prime factors of 10074.
2, 3, 23, 73
List the prime factors of 604.
2, 151
What are the prime factors of 98282?
2, 157, 313
What are the prime factors of 2946?
2, 3, 491
What are the prime factors of 2447?
2447
What are the prime factors of 53482?
2, 11, 13, 17
List the prime factors of 57593.
57593
List the prime factors of 7923.
3, 19, 139
What are the prime factors of 1450?
2, 5, 29
List the prime factors of 112.
2, 7
List the prime factors of 1746.
2, 3, 97
What are the prime factors of 51621?
3, 17207
List the prime factors of 14364.
2, 3, 7, 19
What are the prime factors of 10842?
2, 3, 13, 139
List the prime factors of 1356.
2, 3, 113
What are the prime factors of 5225?
5, 11, 19
List the prime factors of 32794.
2, 19, 863
What are the prime factors of 2442?
2, 3, 11, 37
What are the prime factors of 441?
3, 7
What are the prime factors of 19131?
3, 7, 911
List the prime factors of 24585.
3, 5, 11, 149
What are the prime factors of 13604?
2, 19, 179
What are the prime factors of 6122?
2, 3061
What are the prime factors of 2807?
7, 401
What are the prime factors of 2138?
2, 1069
What are the prime factors of 77484?
2, 3, 11, 587
What are the prime factors of 46522?
2, 7, 3323
What are the prime factors of 5905?
5, 1181
List the prime factors of 858.
2, 3, 11, 13
List the prime factors of 7643.
7643
List the prime factors of 36097.
36097
List the prime factors of 2081.
2081
List the prime factors of 15555.
3, 5, 17, 61
What are the prime factors of 1375?
5, 11
List the prime factors of 1692.
2, 3, 47
List the prime factors of 1539.
3, 19
List the prime factors of 2279.
43, 53
What are the prime factors of 815?
5, 163
List the prime factors of 2837.
2837
What are the prime factors of 10316?
2, 2579
What are the prime factors of 24470?
2, 5, 2447
What are the prime factors of 5198?
2, 23, 113
List the prime factors of 3981.
3, 1327
What are the prime factors of 14207?
14207
What are the prime factors of 21640?
2, 5, 541
What are the prime factors of 87102?
2, 3, 1613
What are the prime factors of 1645?
5, 7, 47
What are the prime factors of 8901?
3, 23, 43
List the prime factors of 8602.
2, 11, 17, 23
List the prime factors of 454.
2, 227
List the prime factors of 3261.
3, 1087
List the prime factors of 968.
2, 11
List the prime factors of 1761.
3, 587
What are the prime factors of 45111?
3, 11, 1367
List the prime factors of 545.
5, 109
What are the prime factors of 502?
2, 251
What are the prime factors of 2095?
5, 419
List the prime factors of 31569.
3, 17, 619
List the prime factors of 18115.
5, 3623
List the prime factors of 41128.
2, 53, 97
List the prime factors of 1951.
1951
What are the prime factors of 1484?
2, 7, 53
List the prime factors of 27652.
2, 31, 223
What are the prime factors of 14426?
2, 7213
List the prime factors of 1186.
2, 593
List the prime factors of 7467.
3, 19, 131
What are the prime factors of 5723?
59, 97
What are the prime factors of 46007?
13, 3539
What are the prime factors of 744?
2, 3, 31
List the prime factors of 74.
2, 37
List the prime factors of 1827.
3, 7, 29
What are the prime factors of 73370?
2, 5, 11, 23, 29
List the prime factors of 287.
7, 41
What are the prime factors of 285?
3, 5, 19
List the prime factors of 4162.
2, 2081
What are the prime factors of 47850?
2, 3, 5, 11, 29
List the prime factors of 14159.
14159
What are the prime factors of 657?
3, 73
List the prime factors of 320.
2, 5
List the prime factors of 41380.
2, 5, 2069
List the prime factors of 88016.
2, 5501
List the prime factors of 6028.
2, 11, 137
What are the prime factors of 5985?
3, 5, 7, 19
What are the prime factors of 24482?
2, 12241
What are the prime factors of 11087?
11087
List the prime factors of 854.
2, 7, 61
List the prime factors of 6935.
5, 19, 73
What are the prime factors of 489?
3, 163
What are the prime factors of 13474?
2, 6737
What are the prime factors of 12051?
3, 13, 103
List the prime factors of 23645.
5, 4729
List the prime factors of 59.
59
List the prime factors of 755.
5, 151
List the prime factors of 68129.
193, 353
What are the prime factors of 5130?
2, 3, 5, 19
What are the prime factors of 2983?
19, 157
What are the prime factors of 62679?
3, 17, 1229
List the prime factors of 1893.
3, 631
What are the prime factors of 5846?
2, 37, 79
List the prime factors of 3844.
2, 31
List the prime factors of 1079.
13, 83
What are the prime factors of 1403?
23, 61
List the prime factors of 80103.
3, 26701
What are the prime factors of 60678?
2